03 a prime number?
False
Is 991464961 a prime number?
False
Is 5369828311 a prime number?
True
Is 874479071 a composite number?
False
Is 32644788199 prime?
True
Is 68248695859 a composite number?
False
Is 26478700037 a prime number?
True
Is 65882681 composite?
True
Is 1919689697 prime?
True
Is 21535405471 a prime number?
False
Is 326929711 a prime number?
False
Is 4131978931 composite?
False
Is 2144925571 a composite number?
False
Is 3554855237 composite?
True
Is 27974137403 a prime number?
True
Is 203575241 a composite number?
False
Is 1771321849 a composite number?
True
Is 16162851919 a composite number?
True
Is 1500411733 a prime number?
True
Is 1379157779 a prime number?
True
Is 15515799809 prime?
True
Is 1676113721 composite?
False
Is 222730560161 a prime number?
False
Is 9665360813 prime?
True
Is 288049849 a prime number?
True
Is 123003038 a prime number?
False
Is 186600682 prime?
False
Is 2258261833 prime?
True
Is 14330661022 a composite number?
True
Is 883348769 prime?
True
Is 561141375433 a prime number?
True
Is 1193381899 a prime number?
False
Is 280958173 prime?
False
Is 9036139577 a composite number?
False
Is 1015147423 prime?
False
Is 6680742907 prime?
True
Is 669686657 a composite number?
False
Is 1065478831 composite?
True
Is 7814006 prime?
False
Is 2814344201 composite?
True
Is 1678651123 prime?
True
Is 2309296501 composite?
False
Is 146894207 prime?
True
Is 4876724639 a prime number?
True
Is 22722694385 composite?
True
Is 16705915271 prime?
False
Is 185299867 prime?
False
Is 15063077173 a prime number?
True
Is 1471128809 a composite number?
False
Is 21523752863 composite?
True
Is 186325849841 a prime number?
True
Is 2629186379 a prime number?
False
Is 4011991463 a composite number?
False
Is 9907239451 a prime number?
False
Is 8826364411 composite?
False
Is 73654714711 a composite number?
False
Is 7806468959 composite?
True
Is 2123654291 a composite number?
True
Is 6524232229 prime?
False
Is 308628379 a prime number?
True
Is 606524509 composite?
True
Is 1383248717 a prime number?
True
Is 2681632829 a prime number?
True
Is 18256153 composite?
False
Is 55497888683 composite?
False
Is 6344198513 a composite number?
True
Is 1048647889 composite?
True
Is 74704829959 composite?
True
Is 1251138697 prime?
True
Is 8091142811 a composite number?
False
Is 19161687385 prime?
False
Is 67531600795 composite?
True
Is 6828754457 a composite number?
True
Is 19992299003 a composite number?
False
Is 413095043 a prime number?
True
Is 20730159311 composite?
False
Is 15612508685 composite?
True
Is 3424135031 composite?
True
Is 423208111 a composite number?
False
Is 5595726859 a prime number?
True
Is 6994630393 a composite number?
True
Is 31189679953 a composite number?
False
Is 889361707 a composite number?
True
Is 2661710231 prime?
True
Is 1514551321 prime?
True
Is 21548327737 prime?
True
Is 33048333993 prime?
False
Is 2998812379 a prime number?
True
Is 2067910631 composite?
False
Is 30149196019 prime?
False
Is 14695441105 a prime number?
False
Is 1255937374 a composite number?
True
Is 151357217 a prime number?
False
Is 4746030001 a composite number?
False
Is 14631887983 a composite number?
False
Is 1065270799 prime?
True
Is 1951721881 composite?
False
Is 3244820927 prime?
True
Is 203202983 composite?
True
Is 182235940151 a composite number?
False
Is 796069831 a composite number?
True
Is 6292207021 composite?
False
Is 118578652369 prime?
False
Is 5671789247 composite?
False
Is 17185868027 composite?
False
Is 27035107909 a composite number?
False
Is 3247835 a composite number?
True
Is 87707664227 composite?
True
Is 1278655633 composite?
True
Is 6915115303 prime?
False
Is 952314673 prime?
False
Is 942410627 prime?
True
Is 327939011 a composite number?
False
Is 43092454439 prime?
False
Is 6895445483 a prime number?
True
Is 1769978633 a prime number?
True
Is 2771774483 a prime number?
True
Is 57909035761 composite?
False
Is 2197665167 composite?
False
Is 1560841727 prime?
True
Is 13375332265 composite?
True
Is 1340668787 composite?
False
Is 363182801 a composite number?
False
Is 5709767759 a prime number?
True
Is 398848603 composite?
True
Is 18343770707 composite?
True
Is 6072268031 a composite number?
False
Is 1431795247 a composite number?
False
Is 3927556421 a prime number?
True
Is 4492470569 a prime number?
True
Is 3763354597 composite?
False
Is 244973754971 a prime number?
False
Is 520203877 prime?
False
Is 12405894817 a composite number?
False
Is 36683069543 prime?
False
Is 2307449843 prime?
True
Is 19522152647 prime?
False
Is 70735279 prime?
True
Is 299625589 prime?
False
Is 3471308377 composite?
True
Is 110596897 a prime number?
False
Is 13765532119 prime?
False
Is 98157983303 a prime number?
False
Is 171943553 a prime number?
False
Is 15450876187 composite?
True
Is 1144248559 a composite number?
False
Is 40244749253 a prime number?
True
Is 6725918633 composite?
True
Is 1034015299 a prime number?
True
Is 837228838 a composite number?
True
Is 89676943123 composite?
False
Is 56512048273 a composite number?
False
Is 10612691 prime?
False
Is 372744017 a prime number?
False
Is 103993609 composite?
True
Is 15387057953 composite?
False
Is 391739561 a prime number?
True
Is 144494660081 composite?
False
Is 34434422609 prime?
True
Is 250726517 a composite number?
True
Is 8791988537 a composite number?
False
Is 84791010383 composite?
True
Is 30109147793 a composite number?
False
Is 263592071 a prime number?
False
Is 604460011 prime?
False
Is 770803823 a composite number?
False
Is 122179247 a composite number?
True
Is 95896015211 prime?
True
Is 486224719 prime?
True
Is 881844763 composite?
False
Is 21121416727 composite?
False
Is 731902621 composite?
True
Is 58165862 a composite number?
True
Is 6245088231 a prime number?
False
Is 52618682917 prime?
True
Is 8599672001 prime?
False
Is 221582145977 composite?
True
Is 202183532363 prime?
True
Is 405458903 a composite number?
False
Is 55789859 a composite number?
False
Is 644115247 a prime number?
True
Is 136571763067 a prime number?
False
Is 77477786041 a prime number?
True
Is 5692731691 composite?
False
Is 450194141 prime?
True
Is 2554274693 prime?
True
Is 4561511143 a composite number?
True
Is 3286435861 a composite number?
False
Is 11095414207 composite?
False
Is 59917987991 a prime number?
True
Is 3554788513 prime?
True
Is 33966881119 a prime number?
True
Is 7291361141 prime?
False
Is 6966365759 composite?
False
Is 6147683585 prime?
False
Is 17342278417 a prime number?
False
Is 5632040789 a prime number?
False
Is 1381226047 a composite number?
True
Is 652920017 a composite number?
True
Is 5049384071 a composite number?
False
Is 14805483233 a composite number?
False
Is 3058705309 a composite number?
True
Is 33222829027 prime?
False
Is 1015489283 a prime number?
True
Is 702078031 a composite number?
False
Is 9205493357 prime?
True
Is 486591499 composite?
True
Is 1471389221 prime?
False
Is 31221678707 composite?
True
Is 9494707741 a prime number?
True
Is 30247603 a prime number?
True
Is 41660854331 a prime number?
True
Is 89960296199 a composite number?
True
Is 7054282637 a prime number?
True
Is 14265395939 a prime number?
False
Is 30060645833 a prime number?
False
Is 281935931 a prime number?
True
Is 343174561 prime?
False
Is 10864446913 composite?
False
Is 217671287 prime?
False
Is 112902145747 prime?
False
Is 423727041 composite?
True
Is 1120356257 prime?
True
Is 9714055679 a composite number?
True
Is 8696327993 a composite number?
False
Is 496753661 prime?
True
Is 38885969009 prime?
True
Is 3116937149 composite?
False
Is 63326748211 a prime number?
False
Is 80002832981 composite?
False
Is 612731591 a prime number?
False
Is 71641014013 composite?
True
Is 869515837 prime?
False
Is 3669209326 a composite number?
True
Is 660146647 a prime number?
False
Is 812057633 prime?
True
Is 40134387653 a prime number?
False
Is 257110363 composite?
True
Is 80648323783 composite?
True
Is 8937007439 composite?
True
Is 807491353 a prime number?
False
Is 2743395881 prime?
True
Is 18959073889 composite?
True
Is 13588481549 composite?
False
Is 1325073943 a prime number?
False
Is 41897162911 composite?
True
Is 4335398105 a composite number?
True
Is 235505903 a prime number?
True
Is 2914768033 prime?
True
Is 1749919957 a pr